 ((27/(-15))/3)/((-1)/i). Is j(y) prime?
True
Let b(k) = -2*k**3 + 3*k**2 + 2*k. Let p be b(2). Suppose 2*r + 3*s - 886 = p, 0 = -r - 4*s + 354 + 79. Is r composite?
False
Let p be (0 + -1 + 2)/((-25)/(-25)). Let g be (-2*(-3)/(-12))/(p/2). Is (-2)/g*1 - -445 prime?
False
Let p(q) = -132*q**2 - 329*q - 1302. Let i be p(-4). Let l(g) = -231*g**3 - 2*g**2 + 2*g + 4. Let j be l(-3). Let w = i + j. Is w a composite number?
True
Let p be (84/48)/((-158)/80 - -2). Is p/(-4)*5688/(-180) composite?
True
Let q(j) = 19*j + 35. Let l be q(-8). Let t = l + 117. Is (6*(-1 + t))/(2/(-367)) prime?
False
Let g(z) = 2 + 4958*z + 1994*z + 1174*z - 58*z + 2897*z. Is g(1) a composite number?
True
Let s(z) = 15*z**2 + 6*z + 27. Let j be s(-3). Suppose -j = 9*l + 612. Is (-5410)/(-8) + 1 + 21/l prime?
True
Suppose -2*m = -2*k + 2027 + 9707, 11726 = 2*k - 4*m. Let b = k + -3772. Is b composite?
False
Let i(o) = 2*o**2 - 4*o + 2. Let b be i(2). Let g = -2133 - -2137. Suppose -b*q = -g*q + 2014. Is q prime?
False
Is (115 + -18)/(560/(-188) + 3) composite?
True
Let r(h) = 94*h**2 - 28*h - 335. Is r(23) a composite number?
True
Let h(d) = d**2 + 5*d + 4. Let p be h(-6). Suppose 86*l + 104 = 99*l. Suppose -l*s + p*s = 70. Is s a composite number?
True
Suppose 82307*q = 82294*q + 660673. Is q composite?
False
Let y be (-16)/(-12) + 2/3. Suppose y*v - 3709 = v. Is v a composite number?
False
Let f(q) = 22*q**2 - 9*q + 18. Suppose -25*m = 19*m + 484. Is f(m) a prime number?
False
Let y(j) = -12*j**3 + 22*j**2 - 2*j - 41. Is y(-18) a composite number?
True
Let o(h) = -97*h - 32. Suppose 0 = 4*r - 17 - 11. Suppose -r*m + 2*m - d = 31, 5*m - 5*d = -55. Is o(m) a composite number?
False
Let l(a) = 364*a + 9. Let s(h) = -h**2 + 7. Let f be s(0). Is l(f) a composite number?
False
Let h = -184 - -166. Is 2*(h/(-12))/((-6)/(-3802)) a composite number?
False
Is (-20)/(-8)*-14503*28/(-70) a prime number?
True
Is 10/4*(42525720/(-50))/(-18) prime?
True
Suppose -m + 95879 + 57326 = -2*c, 0 = m - 3*c - 153212. Is m prime?
True
Let i(m) = 37*m**2 - 374*m + 269. Is i(-104) prime?
True
Suppose -y - 696 = -5*y. Suppose -3*d - y + 891 = 2*a, 5*d = 5. Suppose 4*x - a = x. Is x prime?
False
Suppose -30*c = -1177286 - 4709284. Is c a composite number?
True
Let i be 122292/33 + (-4)/(-22). Let m = i + -2585. Is m composite?
True
Suppose 4*h + 0*h = 2*y - 40098, y - 20059 = 4*h. Is y a composite number?
True
Let y(t) = 1135*t**3 + 40*t**2 - 125*t + 11. Is y(5) a composite number?
True
Let l = -29771 + 1368994. Is l a prime number?
True
Suppose 107073909 = 190*m + 5531639. Is m a composite number?
True
Suppose 27117601 = -3*w + 122*w. Is w a composite number?
True
Let m be 41372/(-12) - (-5)/3. Let z = m + 6151. Is z a composite number?
True
Suppose 0*d = 2*d + 3*l + 4, -2*d + 2*l + 16 = 0. Suppose 19 = 5*z - d*i, 0 = 2*z + z - i - 17. Suppose 0*y = z*y - 357. Is y prime?
False
Let b(t) = 9*t**2 + 8*t + 14. Let c(y) = -y**2 - 3*y + 37. Let x be c(-7). Is b(x) composite?
True
Suppose 5*v = 2*s + 6468 + 15461, 5*v = 5*s + 21920. Is v a prime number?
False
Let h = -59 + 95. Let k = h + -33. Suppose a + 4*n - 437 = 0, -3*a + n = -k*n - 1391. Is a prime?
True
Let t = 110 - -252. Let v(r) = -4*r - 34. Let l be v(-9). Suppose l*z + 4*x - t = 0, 3*x - 196 = -z + 4*x. Is z a prime number?
True
Suppose 0 = p - 4*r - 6, -30 = -2*p + 5*r - 9. Suppose 43*z = p*z + 5575. Is z a prime number?
True
Let h = 241746 - 101029. Is h a composite number?
False
Suppose -25*m + 56343 = -24*m. Suppose 12*y + 10491 - m = 0. Is y a prime number?
True
Suppose 4*o = 2*y + 8*o - 8, -3*y = -o + 2. Suppose y = -5*a + 4*v + 79405, 2*v = -2*v. Is a a prime number?
True
Suppose 508674 = -16*s + 1738834. Suppose -21*d + 93698 = -s. Is d composite?
False
Let a = -71 + 39. Let y be (-4336)/a*2*-1 + 0. Let x = 465 + y. Is x a prime number?
False
Let x(y) = 9099*y. Let n be x(2). Suppose 5*h - p + n = 3*p, -5*h - 18204 = -2*p. Let q = 4343 - h. Is q a composite number?
True
Suppose 3*j + j - 58 = 2*l, 2*l = -10. Is (-31638)/9*j/(-8) prime?
True
Is (-162774648)/(-1440) + 2/40 a prime number?
False
Suppose -64*o - 11*o - 534 = 3891. Let s = -5 + 2. Is o*((-12)/s + -5) prime?
True
Suppose 5*i = o + 104, 3*o + 0*i + i + 360 = 0. Let g = -85 - o. Let a = g + 459. Is a a prime number?
False
Let d(c) = 285*c - 88*c + 138*c - 76 + 14*c. Suppose 3*f + 57 = 5*m, f = -4*m + 45 - 13. Is d(m) a prime number?
False
Let r be -2 + 1 + (-40 - -42). Let d(b) = 543*b - 2. Is d(r) a prime number?
True
Suppose 51*q - 78 = 38*q. Let i(m) = 11*m**2 - 5*m - 29. Is i(q) a composite number?
False
Let i(o) = -79606*o - 97. Is i(-6) a prime number?
True
Suppose -8*g + 570 = -3*g - 5*l, 4*g + 2*l - 426 = 0. Suppose -g*n = -110*n + 913. Is n a composite number?
True
Let b = -55682 - -312633. Is b a composite number?
True
Suppose 15123868 = 19*j + 193*j. Is j a prime number?
True
Let d be 282286/(-22) + (-42)/(-231). Let o = d + 22892. Is o a prime number?
True
Is (1/(-7))/((-11)/(-77))*-139169 prime?
True
Let r(v) = -45*v**3 - 21*v**2 - 143*v - 35. Is r(-12) prime?
False
Let l(w) = -w**3 - w**2 + 4*w + 7. Let p be l(-2). Suppose -8 - 4 = -3*u - 3*q, 0 = -2*u + p*q + 3. Let r(b) = 18*b**3 - 3*b**2 + 2*b - 7. Is r(u) prime?
False
Let s = -487 - -500. Suppose 12389 = -0*n + s*n. Is n prime?
True
Suppose -5*u + 53 - 18 = 0. Suppose 0 = 5*d + 4*h - 15, -h - u = -4*d + 26. Suppose d*s = 188 + 9339. Is s prime?
True
Suppose 8 + 4 = 2*o. Is (-32394)/(-21) - o/(-14) a prime number?
True
Suppose -4*t + 745375 = 3*t - 1051336. Is t prime?
False
Let y(n) = 133*n - 31 - 107 + 1032*n + 4 + 590*n. Is y(5) a prime number?
True
Suppose -5*v + w = -13, 2*v + w = -3*v + 17. Suppose 0 = v*p + 3*p - 9930. Is p a composite number?
True
Let b(k) = -1361*k + 305. Let h(u) = -272*u + 61. Let y(z) = 2*b(z) - 11*h(z). Is y(14) a composite number?
False
Suppose -17*t - 140889 + 914066 = 0. Is t a composite number?
False
Suppose 0 = -2*p + 2*g + 22, g = -2*g + 6. Suppose -12*b + 47 + p = 0. Suppose -5*f = z - 0*z - 140, -150 = -z + b*f. Is z a prime number?
False
Let o(k) = 176*k**3 + 2*k**2 + 3*k + 2. Let z be o(-3). Suppose -3*s + 4*g - 9614 = 0, 16*s - 6411 = 18*s - g. Let t = s - z. Is t a composite number?
True
Suppose 88*t - 40*t = 17192688. Is t prime?
True
Let y(v) = -52*v**3 - v. Let i be y(1). Let l = 55 + i. Suppose 669 = -r + l*r. Is r a composite number?
True
Let t be (-3 - (-5)/2)*(1 - 9). Suppose x + 14 = -2*d + 941, -4*d - t*x = -1848. Is ((11 - 7)/12)/(1/d) a prime number?
False
Let a(r) = 2035*r + 150. Let u(d) = 1018*d + 75. Let i(v) = -6*a(v) + 11*u(v). Is i(-5) composite?
True
Suppose 2*q = -5*w + 4010875, -w + 5*q - 380824 = -1183026. Is w composite?
False
Let d be ((-35)/(-10) - 3)*1078. Suppose 4*p + 13 + 17 = 5*u, 5*p = -25. Suppose -u*c = 133 - d. Is c a prime number?
False
Suppose x - 6671301 = -95*x + 5142363. Is x a composite number?
False
Suppose -328*w = -243*w - 37844465. Is w prime?
True
Suppose -558822 = 9*y - 13*y - 2*d, 0 = y + d - 139708. Is y prime?
True
Let u be 11 + -13 + (-24)/1. Let x(g) = -3*g**2 + 64*g + 30. Let i(b) = 5*b**2 - 95*b - 45. Let p(z) = -5*i(z) - 8*x(z). Is p(u) a composite number?
False
Suppose 4*j - 5*s - 60 = 0, -2*j + 2*s + 15 = -j. Suppose j*n - 18*n = -30330. Suppose m - 7*m = -n. Is m prime?
False
Let b be 14458/22 + (-28)/154. Let t(s) = -651*s - 1 + 35*s**2 + 2 + b*s. Is t(-4) a prime number?
False
Let n(c) = 11*c - 21. Let m(x) = 5*x - 10. Let s(q) = -5*m(q) + 2*n(q). Let r be s(2). Suppose -9*u - 418 = -r*z - 8*u, 16 = 4*u. Is z prime?
True
Suppose -885*r = -1185*r + 103760700. Is r prime?
True
Let k(i) = 3*i**2 - 17*i - 10. Let g be k(20). Let m = -113 + g. Is m a prime number?
False
Suppose 0 = -0*p - 3*p + 228. Suppose -5*o = 5*i, -7*o + 12*o - 18 = 4*i. Suppose -p = -u - q, -o*u = -q - q - 164. Is u a composite number?
False
Suppose -8 = -2*q + 3*s + s, 0 = s + 1. Suppose -3 = -g - 0*o - q*o, o - 6 = -2*g. Is (36/6)/g*97/2 a composite number?
False
Suppose 165*v = 185*v - 2510420. Is v composite?
True
Let u(o) = o**3 + 28*o**2 + 2*o + 58. Let i be u(-28). Suppose 0 = i*q - 221 - 133. Is q composite?
True
Let h(n) = -34*n + 1. Let f be h(-2). Let d(j) = -j**3 + 4*j**2 - 11*j + 41. Let q be d(4). Is f/46*(513 + (-2 - q)) 